he value of -1 + 20 + (-18 - -6)?
7
-1 - (-6 + -5 + 8)
2
What is 3 + 5 + -4 + 2 + 2?
8
Evaluate -4 - (1 + -3 - -2).
-4
What is -21 - (-6 + -12 + 4)?
-7
Calculate (-2 + 5 - -1 - 6) + 2.
0
What is -3 + (-1 - (2 - 4)) - 1?
-3
Calculate (1 + 4 - -1) + -4.
2
Evaluate -7 + 4 + (5 - 1) + -4.
-3
Evaluate 6 + (0 - 0 - (1 + 1)).
4
What is -2 + 9 - 1 - (2 + 0)?
4
What is the value of -7 - (-10 + 4 + 2)?
-3
-3 - (3 - (-3 - -9))
0
What is the value of (3 - 1) + 3 + (-1 - -1)?
5
What is (-3 - -2 - 3) + 7 + -5?
-2
What is the value of 1 - 2 - 0 - (-44 + 41)?
2
2 + (-5 + 0 - -6 - 3)
0
Evaluate 6 - (1 - 0 - (-12 - 1)).
-8
-3 - (2 + -2 - (3 + -2))
-2
What is the value of -3 + (0 + 4 - 2) - 0?
-1
What is -2 + 5 + 0 + (3 - 6)?
0
What is (0 - 0) + 3 - (0 + -1)?
4
What is (0 - 8) + 21 + -5?
8
What is the value of 4 + 2 + (18 - 5 - 25)?
-6
What is the value of (-3 - -3 - 3 - -4) + 3?
4
What is 9 + (-6 - 0) - 1?
2
Evaluate 11 + (-2 - -5) + (-24 - -18).
8
7 - (-1 + 1) - (-23 + 25)
5
3 + -7 - (2 - (6 + -3))
-3
What is (-12 - (1 + -6)) + 12?
5
2 - (1 - 4) - 0
5
Calculate -11 - -12 - 1 - 8.
-8
-2 + 2 + 2 + -4 - -2
0
Evaluate (1 - 3) + -1 + (-3 - -9).
3
What is -1 - (3 + -4 - 4 - 1)?
5
Evaluate 0 - -3 - (4 + 2).
-3
What is 0 - 1 - (-18 - -9 - -10)?
-2
Calculate -7 - (-2 - (4 - 0)).
-1
-6 + 23 + -25 + 0 + 6
-2
What is the value of (0 - ((0 - 2) + 3)) + -4?
-5
What is 0 - 2 - 7 - -5?
-4
What is (11 - 2 - 5) + 5 + -8?
1
Evaluate 20 - 20 - (0 + 1).
-1
What is the value of -1 - (-1 + 3 + 2)?
-5
(-4 - -2) + 8 + -4 + 0
2
What is -4 + (16 - (-7 - -14))?
5
Evaluate (5 - -3) + 0 + -3 - 1.
4
-2 - (3 - 5 - (2 + -4))
-2
(3 - 3 - -4) + -3
1
What is the value of -11 + -5 + 5 + 6?
-5
Calculate 29 - 31 - (-1 + 0 + 0).
-1
Evaluate -14 + (7 - 6 - -7).
-6
Evaluate -18 - -9 - (-2 - 4).
-3
-4 - -2 - (2 - (3 + 3))
2
What is the value of 8 + -15 + 8 + -3?
-2
Evaluate 7 + -3 - 4 - (-2 + -1).
3
What is the value of -4 + 1 + 0 + 6 - 4?
-1
-4 - (-1 + (-1 - (3 + 2)))
3
What is the value of 5 - (1 + -1 + 1)?
4
0 + (-3 + 10 - (0 - -10))
-3
0 - 2 - ((-5 - 2) + -5)
10
What is the value of 0 + 1 + (2 - (5 - 2))?
0
Calculate (-7 - -5) + (-4 - -3) - 5.
-8
-9 + 7 - -5 - 6
-3
Calculate 1 + (2 + -3 + 1 - -1).
2
Evaluate (-11 - -8) + (0 - (0 + 0)).
-3
What is 5 - 1 - (12 + -9) - 1?
0
(0 + -2 - (1 - 0)) + 1
-2
Calculate 2 + -2 + (-5 - -11).
6
What is the value of 1 - (1 - (2 - (1 - -2)))?
-1
What is 3 + (-5 - (-2 + -3))?
3
What is the value of -2 - (6 + 0 + -5)?
-3
2 - -5 - (9 + 3)
-5
Calculate (82 - 71) + (-6 - -1).
6
What is (2 - 2) + -7 + (141 - 130)?
4
Evaluate 5 + -3 - (0 + 1).
1
Evaluate 4 + (-1 - (-2 + 1)).
4
Evaluate (-2 - 3) + 3 - (-1 - -2).
-3
What is 5 - ((-11 - 1) + 7 + 15)?
-5
-2 - 7 - (-69 - -53)
7
81 + -66 - (-2 + 11)
6
What is 2 + (0 - 5) - -3?
0
Evaluate 1 + (5 - 4 - 7) - 1.
-6
(-3 - (-5 - -1)) + 6 + -5
2
Evaluate -6 + (6 - (18 + -6 + -6)).
-6
Evaluate 6 + (2 - 1) + (136 - 141).
2
What is the value of 80 + -89 + (0 - -17)?
8
-9 - (-17 + 18 + -5)
-5
What is the value of (0 - (4 + -7)) + -4 + 3?
2
What is (-1 - 3) + (1 - -3) + -3?
-3
What is -3 + (-7 - -7) + 5 + -7?
-5
Calculate -4 + (0 - -5) + 4.
5
What is -1 + 1 + -2 - 0?
-2
Calculate -4 + -4 + 5 + 5 + -1.
1
Evaluate (1 + (-5 - -6) - -2) + -7.
-3
3 + (6 - (7 + 6))
-4
What is the value of 0 - (1 + 4 + -7 - 4)?
6
What is the value of (-1 - 0) + -2 + 7?
4
-7 - -5 - (-4 - -5)
-3
Calculate -6 - (-12 - -3) - (-1 + 0).
4
-1 + -5 + (5 - -3)
2
Evaluate 0 + (3 - (-3 - (3 - 11))).
-2
(1 - 5) + 14 + -5 + -9
-4
What is -8 + -2 + 7 + -4?
-7
1 + (0 - 2) - 4
-5
Calculate -3 + -5 - (-26 - -24).
-6
(-2 - 14) + 4 + 11
-1
What is 5 - (8 + -4 + 0) - -4?
5
What is (-2 - (-2 + -5)) + -7?
-2
Calculate -3 + (9 + -6 - 7).
-7
What is the value of 6 - (5 + (-4 - -2)) - 1?
2
Evaluate (2 - 7) + 7 + -5 + 3.
0
Evaluate -1 + -3 + -4 + 4 + 6.
2
What is -21 + -1 + 6 - -10?
-6
-10 - -17 - 7 - (1 + -6)
5
Evaluate -11 + (4 - 5 - -6) - -1.
-5
Calculate -9 + (0 - (0 + -4)).
-5
-3 - (-2 + 1 + (5 - 8))
1
What is 12 - (-8 - (-8 + -14))?
-2
What is (-1 - 5) + (4 - 1) + 3?
0
What is the value of -3 + 4 + -5 + 3 + 6?
5
Evaluate -7 + 2 + 7 + -8.
-6
Evaluate -1 + -2 + (22 - 16).
3
-26 + 27 - (-3 - -10) - -9
3
What is the value of -5 + 5 + (-1 - -3) - -2?
4
Calculate 8 + (7 - 14 - (0 + -3)).
4
Calculate 1 + 1 - (2 - -3) - 1.
-4
Calculate 4 + 1 + 1 + -6 - 7.
-7
Calculate -6 + 5 + -3 + 7 + -5.
-2
What is the value of 0 - (-2 + 6 + (2 - 2))?
-4
Calculate -2 + -13 - (7 + -13 + -1).
-8
Calculate 8 - (0 - -19) - -7.
-4
-10 - -17 - (6 - 1)
2
7 + 7 + (6 - (-6 + 29))
-3
1 + (-1 + (0 - 0) - -1)
1
What is the value of (-7 - -14) + 3 + -15?
-5
Calculate -1 - ((-11 - -2) + 10).
-2
What is the value of 8 + 3 - (21 + -5)?
-5
What is the value of 12 - (27 - (16 - 10))?
-9
What is the value of -6 - (0 + (0 - (5 + -2)))?
-3
What is the value of -15 - -10 - (-2 + 0)?
-3
What is the value of (-3 - -6) + -14 - -12?
1
Evaluate 7 + 1 - (73 + -62) - 3.
-6
-15 + (4 - (-4 + 3)) + 4
-6
Calculate (5 - -11) + -8 - 5.
3
What is 3 + (-14 - -3 - 0) - -5?
-3
Evaluate -2 - 1 - (-9 + 4).
2
What is the value of 4 + (4 - 6) - (-1 - 1)?
4
Evaluate -1 + (1 - (2 + -3) - 2).
-1
What is (5 - 4) + (-6 - 1) - -4?
-2
What is -4 + 25 + 31 + -43?
9
-5 - (2 - (-7 - -9))
-5
What is the value of 0 - (8 - 6 - (2 - 0))?
0
-9 + -1 - (-8 + (-2 - -5))
-5
What is -3 - 0 - (0 + -4) - 1?
0
Calculate 0 + (-2 - (1 - 5 - 0)).
2
Evaluate 3 - (-1 - (-3 + 6 + -6)).
1
3 + -7 - (-5 + (6 - -1))
-6
Calculate 2 + -5 + 3 + -1 + 2.
1
What is 7 - (23 + -17) - (-4 - 0)?
5
Calculate -2 + -13 + 27 - 2.
10
Calculate -1 + -5 + 5 + 2.
1
What is -3 - (-5 + 6 + -1)?
-3
Calculate -12 + 10 + 12 - (0 - -4).
6
Calculate (-2 - -3) + 3 + 1.
5
What is (-1 - 4) + 11 + 5 + -5?
6
(-4 - -3 - -7) + 10 + -17
-1
Evaluate (-9 + 10 - -9) + -3.
7
What is (2 - 3) + -5 + 10?
4
Evaluate -3 + 4 - -2 - 3.
0
Evaluate (2 - (0 - -4)) + -3.
-5
Calculate 8 + (14 + -9 - 9).
4
What is 8 - (-11 + -2 + 20)?
1
(-2 - -3) + (1 - 6) + -2
-6
Calculate -3 + (4 - -3) + -3 + -2.
-1
Calculate -19 + 12 - -14 - (2 + 1).
4
What is (9 - (1 - -1)) + 0 + -1?
6
Evaluate 0 + 6 + (-12 - -1).
-5
What is (11 - (-4 - -12 - 3)) + -2?
4
-5 - (4 + (1 - (1 + 4)))
-5
-7 + 5 + 9 - (4 + 5)
-2
(0 + 0 - -3) + (0 - 5)
-2
Calculate -3 + (3 - -1) + -5.
-4
-6 + 6 - (0 + -1)
1
What is 0 - (11 + -3 - 0 - 3)?
-5
Evaluate (7 - 7) + -4 - 0.
-4
What is 21 + -22 - (1 - -1)?
-3
12 + -8 + 2 + 2 + -10
-2
Calculate 1 + 5 + -5 + 7.
8
1 - (-6 + -2 - (-7 + 5))
7
Calculate -3 + -1 + (-14 - (20 + -38)).
0
What is the value of -4 + (7 - 2 - 4)?
-3
Evaluate -8 + -6 + 8 + 0 - 2.
-8
Calculate -7 + 19 + 1 - 8.
5
What is the value of -11 + 4 + -7 + 9?
-5
What is 1 - (-3 - (4 + -1) - -1)?
6
Calculate 0 + -1 + 3 - (56 - 50).
-4
Calculate 2 + -2 + 1 + (2 - 0).
3
Calculate -12 + 15 + -1 + 7.
9
Calculate 4 - (1 + 2 + 6 + -8).
3
Evaluate -2 - -14 - (5 - -3).
4
-28 + 29 + 0 + (0 - -1)
2
What is -1 + (4 - 6) + 1?
-2
5 - (-1 - (-13 - -11))
4
Evaluate -1 + (-4 - (-4 + 8 + -8)).
-1
What is the value of 8 + (2 - 8) + -8?
-6
Calculate (12 - (20 - 3)) + (5 - 0).
0
0 + (1 - (4 + 0) - -6)
3
What is the value of (4 - (-8 - -10)) + -9?
-7
What is 1 + 2 - (9 + -2)?
-4
Calculate -1 + (-3 - (0 + 1) - 2).
-7
Calculate 1 - (1 - 1) - (-67 - -63).
5
Calculate (-6 - -1) + (-2 + 5 - 1).
-3
-4 - ((-14 - 1) + 2)
9
What is the value of -7 + (5 - 2 - (-3 + 3))?
-4
Evaluate -10 + -9 + 5 + 9.
-5
What is the value of -1 - -1 - (7 - 2)?
-5
What is the value of 8 + 9 + -26 + 15?
6
Calculate 27 + -30 - (-12 + 4).
5
What is the value of (-8 - -3) + -2 + 0 + 3?
-4
-3 + 2 - (21 + -25)
3
(-50 - -56) + (-9 - 0)
-3
What is 3 - 8 - (-3 - 3)?
1
Evaluate -1 - 6 - (-14 - (-16 + 7)).
-2
-2 + (2 - 6) - -10
4
0 + -6 + 1 - -2
-3
0 + (7 - (3 - -6))
-2
What is -2 - (6 + 1 + -10)?
1
Calculate (2 - 2 - 8) + 3.
-5
Evaluate 2 - 2 - 4 - -3.
-1
1 + (3 + -3 - (-2 + 4))
-1
Calculate -8 - -3 - (-2 - -1).
-4
Calculate 1 + 0 + 9 + -4 + -10.
-4
What is the value of 3 + -4 + 2 + 0 + 3?
4
What is the value of -2 - ((-1 - 7 - -6) + 4)?
-4
Evaluate 6 - (10 - (-7 - -10)).
-1
Evaluate 2 + -4 + -2 + -1.
-5
Evaluate -46 + 51 - (0 - (-1 - -2)).
6
Evaluate 31 - 43 - (-2 + -18).
8
What is 4 - (9 - 4 - -4)?
-5
What is (-3 - (-7 + 0)) + 0?
4
Evaluate 1 + -11 + 29 + -22.
-3
Evaluate -10 + -4 + 9 + -9 + 6.
-8
What is 0 + -1 - (1 -